
Let c(d) = 2858*d + 44. What is c(0)?
44
Let l(g) = -g**3 - 48*g**2 - 130*g - 1387. Give l(-46).
361
Let d(t) = -3265*t - 9912544. Calculate d(-3036).
-4
Let h(k) = 32*k**3 - 230*k**2 + 77*k - 245. Give h(7).
0
Let g(i) = -i**3 + 142*i**2 - 1319*i - 138. Give g(132).
-6
Let i(y) = -y**2 - 426*y - 44464. What is i(-243)?
5
Let g(o) = o**3 - 140*o**2 + 2899*o - 2750. Give g(115).
10
Let w(x) = 38*x**2 + 107*x - 526. Calculate w(5).
959
Let f(g) = 12*g**2 + 489*g - 2770. Give f(5).
-25
Let a(m) = -13*m**3 - 21*m**2 - 71*m + 18. Give a(-4).
798
Let s(v) = 7*v**2 + 163*v + 45. Give s(-23).
-1
Let m(c) = 580*c + 30696. Determine m(-53).
-44
Let b(w) = 2*w**2 + 192*w - 388. Calculate b(2).
4
Let q(f) = -f**2 + 4945*f - 336457. Give q(69).
-13
Let w(m) = -97*m**2 - 33365*m + 1046. Give w(-344).
14
Let o(a) = 103*a + 10604. Determine o(-44).
6072
Let g(d) = -10611*d - 392646. Calculate g(-37).
-39
Let t(h) = -8398*h + 25149. What is t(3)?
-45
Let h(t) = t**2 - 231*t + 7763. Give h(44).
-465
Let w(p) = 2*p**3 + 7*p**2 + 2685*p + 16287. Calculate w(-6).
-3
Let b(a) = -4295491*a + 12886479. What is b(3)?
6
Let t(i) = i**3 - 14*i**2 - 190*i - 112. Give t(22).
-420
Let d(a) = a**2 + 4644*a + 238837. What is d(-52)?
53
Let c(y) = 4*y**3 - 649*y**2 + 172*y - 434. Give c(162).
1186
Let n(s) = 375*s - 2680. Give n(7).
-55
Let w(x) = 3462*x - 3014. What is w(1)?
448
Let t(w) = 2*w**3 + 85*w**2 - 383*w - 41. Calculate t(5).
419
Let l(c) = -2*c**2 - 1440*c + 112311. Determine l(71).
-11
Let d(a) = -4569*a - 41415. Calculate d(-9).
-294
Let s(j) = 11259*j + 3186297. Give s(-283).
0
Let y(p) = -5*p**3 - p**2 + 1489*p + 7465. Give y(-5).
620
Let p(x) = -x**3 - 35*x**2 - 2520*x - 92044. Calculate p(-36).
-28
Let c(u) = 426*u - 338708. What is c(795)?
-38
Let q(k) = 7*k**2 + 484*k + 5133. Calculate q(-13).
24
Let l(n) = -87*n + 615. Determine l(9).
-168
Let d(w) = 10*w**2 + 276*w - 6681. Determine d(-43).
-59
Let q(v) = -2871*v - 2552. Determine q(-1).
319
Let u(z) = z**3 + 2*z**2 - 436*z - 29. Calculate u(20).
51
Let t(k) = 444917*k + 7563583. What is t(-17)?
-6
Let g(p) = 8*p**2 - 1345*p + 24729. Determine g(147).
-114
Let i(x) = 2*x**2 + 60827*x - 14713685. Give i(240).
-5
Let q(j) = -j**2 - 2083*j - 28911. Determine q(-14).
55
Let q(l) = -138*l + 6443. Determine q(49).
-319
Let j(t) = -25918*t + 1477330. Calculate j(57).
4
Let m(q) = -559*q**2 - 661*q - 108. Determine m(-1).
-6
Let x(f) = 2*f**3 + 399*f**2 - 2117*f + 28260. What is x(-205)?
-30
Let c(a) = -a**2 + 3491*a + 392363. What is c(-109)?
-37
Let q(x) = 720*x - 53. Calculate q(0).
-53
Let r(k) = k**3 + k**2 + 334*k - 1006. Determine r(3).
32
Let w(x) = 2*x**3 + 19*x**2 - 795*x - 431. Determine w(-25).
69
Let t(a) = 799*a**3 + a**2 - 37*a - 37. Determine t(-1).
-798
Let r(w) = -w**3 - 54*w**2 + 165*w - 348. Determine r(-57).
-6
Let v(k) = -88341*k - 4152027. Calculate v(-47).
0
Let g(k) = -3777*k + 3656117. Determine g(968).
-19
Let t(f) = 82*f**2 + 19751*f - 32. Calculate t(-241).
2619
Let m(j) = 4338*j - 1795928. Calculate m(414).
4
Let c(v) = -5268*v + 1132623. Give c(215).
3
Let d(s) = 31*s**2 - 239*s - 1038. Give d(11).
84
Let n(w) = 32*w**3 + 3450*w**2 + 2808*w + 2779. Calculate n(-107).
-3
Let f(a) = -1094*a - 25162. Give f(-24).
1094
Let y(o) = -o**3 + 71*o**2 + 4543*o - 11426. Determine y(111).
7
Let y(d) = 817*d**2 - 726313*d + 306. What is y(889)?
306
Let g(r) = 39446*r**2 + 552240*r - 62. Calculate g(-14).
-6
Let f(z) = 3545*z - 99191. Determine f(28).
69
Let a(o) = -18718*o - 1703334. Calculate a(-91).
4
Let i(m) = -2*m**2 - 890*m - 74142. Calculate i(-111).
6
Let k(i) = -1038*i + 66712. Calculate k(65).
-758
Let z(o) = 1232*o + 49363. What is z(-40)?
83
Let a(h) = -2*h**3 - 146*h**2 + 24935*h - 1994. Give a(-154).
8
Let q(j) = -j**3 + 251*j**2 - 520*j + 4819. Calculate q(249).
-659
Let b(g) = -483*g**2 + 10127*g + 303. Calculate b(21).
-33
Let l(f) = 63*f**2 - 179*f - 2469. Calculate l(-5).
1
Let m(q) = 28*q**2 - 237*q + 327. What is m(6)?
-87
Let r(x) = 3*x**3 + 311*x**2 + 219*x + 1371. Determine r(-103).
32
Let i(q) = q**3 - 50*q**2 + 14*q - 4485. Give i(51).
-1170
Let f(q) = -q**3 + 13*q**2 - 242*q - 2596. What is f(-11)?
2970
Let z(v) = 3*v**2 - 2755*v - 41960. Determine z(-15).
40
Let d(c) = -8*c**3 - c**2 - 65*c - 392. Determine d(-5).
908
Let a(s) = -11442*s**2 + 34312*s - 1. Give a(3).
-43
Let r(n) = -n**3 + 335*n**2 - 4491*n - 31. Calculate r(14).
11
Let x(y) = 2*y**3 - 216*y**2 + 14*y + 21401. What is x(107)?
1
Let u(g) = 13750*g + 440001. What is u(-32)?
1
Let o(v) = 3509*v**2 - 17559*v + 7. Determine o(5).
-63
Let g(p) = -73*p**2 - 5744*p + 37043. Determine g(6).
-49
Let c(v) = -2*v**2 - 554*v - 26140. Give c(-59).
-416
Let s(k) = 7499*k - 149979. Calculate s(20).
1
Let x(y) = 4*y**3 - 8*y**2 + 49438*y - 98853. Determine x(2).
23
Let t(l) = l**3 + 29*l**2 + 4185*l + 121369. What is t(-29)?
4
Let h(c) = -953*c - 78146. Determine h(-82).
0
Let o(y) = -4*y**2 + 293*y - 4183. Give o(46).
831
Let l(k) = 7301*k + 73000. What is l(-10)?
-10
Let g(f) = 445*f - 19993. Calculate g(45).
32
Let b(f) = -123400*f - 85639603. What is b(-694)?
-3
Let j(b) = -5*b**2 - 67*b + 198. Determine j(-21).
-600
Let i(f) = -f**2 - 59*f - 1421. Give i(-35).
-581
Let b(g) = 2*g**2 - 32097*g - 385503. Give b(-12).
-51
Let w(y) = -108*y**2 + 2191*y - 700. What is w(20)?
-80
Let f(j) = -14*j**2 + 5294*j + 4880. Determine f(379).
332
Let y(j) = -170*j + 2380. Determine y(13).
170
Let k(v) = -4281*v - 2084845. What is k(-487)?
2
Let v(y) = y**3 - 553*y**2 - 2736*y + 15. Give v(-5).
-255
Let u(x) = 41*x**2 - 6886*x - 193. Calculate u(168).
143
Let y(n) = -6*n**2 + 9369*n - 74954. Calculate y(8).
-386
Let p(l) = -1081*l + 195667. What is p(181)?
6
Let z(f) = -f**2 + 283*f - 9019. Give z(37).
83
Let f(p) = 2*p**3 - 25*p**2 - 4292*p - 97. What is f(53)?
-44
Let k(d) = 3*d**3 + 67*d**2 + 42*d + 13. Give k(-22).
-427
Let z(b) = -2*b**2 - 564379*b - 2821836. What is z(-5)?
9
Let r(v) = -2*v**2 - 387*v - 9167. Give r(-166).
-37
Let g(i) = 246*i**2 + 606*i - 1534. Give g(-4).
-22
Let g(b) = -3822*b - 118461. Calculate g(-31).
21
Let a(o) = 22139*o - 575888. Calculate a(26).
-274
Let m(x) = 27*x**2 - 3316*x - 143952. What is m(-34)?
4
Let y(n) = -79*n**2 + 744*n + 48. Calculate y(8).
944
Let u(m) = -m**3 - 149*m**2 + 50810*m - 14361. Determine u(-312).
-9
Let q(a) = 11*a**2 + 10356*a + 142827. Calculate q(-14).
-1
Let x(j) = -5*j**2 - 153*j + 5933. Calculate x(-53).
-3
Let q(u) = 1226*u - 21565. Calculate q(18).
503
Let i(p) = -5*p**2 - 1652*p - 13200. What is i(-8)?
-304
Let k(v) = 64*v**2 + 1154*v - 1161. Determine k(-19).
17
Let y(r) = -2*r**2 + 7133*r - 1780094. Calculate y(270).
16
Let u(g) = -g**3 + 206*g**2 - 1723*g + 144320. What is u(201)?
2
Let g(v) = -4*v**3 + 439*v**2 + 119*v - 993. Give g(110).
-3
Let r(c) = 7857*c - 361430. Give r(46).
-8
Let b(r) = r**3 - 9704*r**2 + 19407*r + 4. What is b(2)?
10
Let r(p) = -6*p**3 + 426*p**2 + 3*p - 287. What is r(71)?
-74
Let y(x) = -x**2 + 51052*x - 153149. What is y(3)?
-2
Let b(j) = -j**3 - 24*j**2 - 432*j - 2231. What is b(-7)?
-40
Let a(n) = -3*n**3 + 84*n**2 + 805*n + 175. Determine a(-8).
647
Let l(d) = 2*d**2 - 3520*d - 1193681. What is l(-291)?
1
Let i(x) = 36259*x + 217553. Calculate i(-6).
-1
Let y(m) = m**2 + 15615*m + 2763020. Calculate y(-179).
-24
Let w(h) = -5750387*h - 5750388. Determine w(-1).
-1
Let r(j) = 29*j**3 + 4002*j**2 + 3044*j + 420074. Give r(-138).
2
Let v(h) = -1881*h**2 + 1885*h - 33. Give v(1).
-29
Let g(j) = -5892083*j - 23568340. Determine g(-4).
-8
Let l(d) = -2*d**2 - 5382*d - 2969808. Calculate l(-775).
-8
Let d(s) = s**2 + 2920*s + 17477. Give d(-6).
-7
Let t(n) = -2*n**3 + 39*n**2 + 71*n - 192. Calculate t(21).
-24
Let v(m) = 53438*m**2 + 53449*m + 8. What is v(-1)?
-3
Let o(t) = -t**2 + 354*t - 3778. Calculate o(343).
-5
Let h(q) = -84*q - 5706. Determine h(-96).
2358
Let h(j) = -368*j + 28180. Give h(79).
-892
Let t(d) = -123*d**2 + 15869*d - 175. Give t(129).
83
Let u(f) = -39*f**2 + 48*f + 4. Determine u(0).
4
Let y(f) = 12811*f - 281845. Give y(22).
-3
Let a(w) = w**3 - 380*w**2 + 3366*w - 57. What is a(9)?
186
Let a(x) = -1881*x + 105470. Determine a(56).
134
Let b(c) = -c**3 - 446*c**2 - 871*c + 7545. What is b(-444)?
-3
Let